n base 12, what is 14bb2 - 5b52?
b060
In base 14, what is 64d68 + 93?
6501b
In base 10, what is 69791884 - -2?
69791886
In base 12, what is 8049b7 - 12?
8049a5
In base 13, what is -c82 + 10b342?
10a390
In base 2, what is -1010110100000100010110 - -1001?
-1010110100000100001101
In base 15, what is -23b9b7a - -1?
-23b9b79
In base 3, what is -22211 - -20021112002221?
20021111210010
In base 15, what is 2335 + 1795?
3aca
In base 9, what is 20 - -378728?
378748
In base 6, what is -42350550340 - -4?
-42350550332
In base 12, what is -133 + -91b1?
-9324
In base 4, what is 101011012230 + 132?
101011013022
In base 4, what is -3230002 - 21032?
-3311100
In base 7, what is 101655 + 56?
102044
In base 9, what is 1238 + 2626?
3865
In base 2, what is -10101001000000111100010011 + -11?
-10101001000000111100010110
In base 6, what is -2541 + 1045151?
1042210
In base 12, what is 4231a720 + -3?
4231a719
In base 8, what is 10 + 145663753?
145663763
In base 2, what is 10100000110101 - 1010101010?
10010110001011
In base 13, what is 23a - 398c3?
-39686
In base 10, what is 44 - -47464?
47508
In base 7, what is 15605523 + -3?
15605520
In base 16, what is -1ffbcf - -3?
-1ffbcc
In base 3, what is -12222201002220021 + -20?
-12222201002220111
In base 8, what is 7730 - 2222?
5506
In base 7, what is -320326 - -2?
-320324
In base 10, what is 327 + -282656?
-282329
In base 5, what is 142244430 + 200?
142300130
In base 5, what is 10204433 + 20?
10210003
In base 8, what is -10233 + 3145?
-5066
In base 4, what is 2131103 + 100132?
2231301
In base 11, what is 8024037 - -18?
8024054
In base 16, what is -2 + -90830?
-90832
In base 12, what is -3a90 + 1175?
-2917
In base 6, what is -11304004405 - 0?
-11304004405
In base 14, what is 1a7 - 2b12b?
-2ad64
In base 5, what is 10 + 4203202403?
4203202413
In base 6, what is -4 - -1004044032?
1004044024
In base 9, what is -1 - 27163327?
-27163328
In base 13, what is -39b43 + -c1?
-39c34
In base 12, what is -743285b5 + -2?
-743285b7
In base 7, what is -5 + 10354654314?
10354654306
In base 6, what is 103144 + 111?
103255
In base 14, what is 996 - 4295?
-36dd
In base 6, what is -214332401 + 10?
-214332351
In base 2, what is 1100101001 - -10101011101010010100?
10101011110110111101
In base 13, what is -178283c + 4?
-1782838
In base 7, what is -311141 - 100361?
-411532
In base 8, what is 41752 - -632?
42604
In base 11, what is 1a6a4 + -13618?
7087
In base 9, what is 273014 - 830?
272074
In base 14, what is 0 - -382594d?
382594d
In base 15, what is -2 - -49d60?
49d5d
In base 3, what is 110020011 + -1211012?
101101222
In base 7, what is 2001 - 52251?
-50250
In base 13, what is -b + 6138bc7?
6138bb9
In base 10, what is -246 - 280162?
-280408
In base 14, what is 9069 + 3cd?
9458
In base 4, what is -20223 - 1332320230?
-1333001113
In base 8, what is -1 - -50215247?
50215246
In base 12, what is -29a665 - -6?
-29a65b
In base 10, what is -34 + -168963?
-168997
In base 3, what is 10 + 1011200222100000?
1011200222100010
In base 6, what is 42 - -335232?
335314
In base 6, what is 312402402 - 10?
312402352
In base 6, what is 21444252400 - 0?
21444252400
In base 7, what is -35061436 + 1?
-35061435
In base 16, what is 2807d + 3?
28080
In base 16, what is -1f0 - 1003a?
-1022a
In base 12, what is -13 - -24bb3b0?
24bb399
In base 12, what is -3458 - 2048?
-54a4
In base 3, what is 102 + 1112011011110211?
1112011011111020
In base 12, what is 2a82313 + -54?
2a8227b
In base 5, what is -2203 + 142304433?
142302230
In base 4, what is -13003 - 1330321312?
-1331000321
In base 7, what is -2525 + -245312?
-251140
In base 10, what is 9116378 - 29?
9116349
In base 8, what is -5 + 72523345?
72523340
In base 5, what is 111024 + -33333402?
-33222323
In base 10, what is -8562199 + 36?
-8562163
In base 6, what is 10543533 + -35?
10543454
In base 4, what is 1012330 + 120223?
1133213
In base 4, what is 30022 + 222203121?
222233203
In base 2, what is -1100011001111111 + 1111010100110?
-1010011111011001
In base 14, what is 1b692 + 116?
1b7a8
In base 16, what is 2 - ec9b49?
-ec9b47
In base 4, what is 303 - 102113220031?
-102113213122
In base 9, what is 10583506 - 10?
10583486
In base 11, what is 3 - -3431a202?
3431a205
In base 5, what is 110 + 10110240320?
10110240430
In base 13, what is 25ca - -3557?
5b54
In base 2, what is 100100000111000111111000110010 - -1?
100100000111000111111000110011
In base 5, what is -202203044012 + -10?
-202203044022
In base 10, what is -1183418 - -1?
-1183417
In base 13, what is 434 - b866?
-b432
In base 3, what is -100 + 110101111200000?
110101111122200
In base 11, what is 5 - 2819710?
-2819706
In base 4, what is -1003030 - 1211110?
-2220200
In base 10, what is 54202 - -4029?
58231
In base 14, what is 3d152b55 - -3?
3d152b58
In base 15, what is 7 + 170ba9?
170bb1
In base 9, what is 16250 + 11851?
28211
In base 7, what is 1145 - 56461?
-55313
In base 3, what is 2121 + 22021000201?
22021010022
In base 4, what is 102322110 - -2020?
102330130
In base 2, what is -110011001101 + 1000010001011?
1110111110
In base 2, what is 11100101111010111 + -11101110?
11100101011101001
In base 2, what is 110001010011111101 - -1010?
110001010100000111
In base 9, what is -75 - 1523886?
-1524072
In base 8, what is -1205223213 + -4?
-1205223217
In base 13, what is 19 - -10716?
10732
In base 7, what is -13323254401 + 3?
-13323254365
In base 14, what is -4 - -284cbd?
284cb9
In base 16, what is -3d - -2dfb0d?
2dfad0
In base 16, what is 3240e - 1b?
323f3
In base 16, what is 15f + -2cf2?
-2b93
In base 4, what is 333113223 + 133?
333120022
In base 16, what is -4c9d53 + 3?
-4c9d50
In base 5, what is 10 + -410102233?
-410102223
In base 13, what is 24b62 - -ac1?
25953
In base 7, what is 141410103 - 0?
141410103
In base 8, what is -676451023 + 5?
-676451016
In base 7, what is 525465 + 14444?
543242
In base 12, what is 10340 + -77?
10285
In base 12, what is -3 + 452b2a?
452b27
In base 8, what is -17204 + 11235?
-5747
In base 9, what is 4358 - 3064?
1284
In base 15, what is -41357 - -d1c?
-4053a
In base 3, what is -2121210 + 210201021?
201002111
In base 10, what is -239 - -95772?
95533
In base 11, what is -25 + 6676a98?
6676a73
In base 15, what is 76d40 - 10?
76d30
In base 5, what is 100411 + -2133220?
-2032304
In base 5, what is -24041114 - 244?
-24041413
In base 3, what is 1000012200 - 201002?
222111121
In base 13, what is -24b + 1492?
1244
In base 10, what is -3226183 - 61?
-3226244
In base 8, what is -2011751 + 226?
-2011523
In base 12, what is 11017aa6a - 1?
11017aa69
In base 10, what is 2113 - -443?
2556
In base 12, what is 19 + 704439?
704456
In base 3, what is -222022212110 + 210?
-222022211200
In base 9, what is 8368582 + -352?
8368230
In base 12, what is 82 - -80b0b7?
80b179
In base 14, what is 2775 - -a788?
d11d
In base 12, what is -1 + -287788a?
-287788b
In base 14, what is -43b0 - -300?
-40b0
In base 2, what is -1011 + -10010001010101000101100010?
-10010001010101000101101101
In base 8, what is -261524 + -2742?
-264466
In base 8, what is -41404301 - -1?
-41404300
In base 8, what is 6 + -40724742?
-40724734
In base 4, what is 23 + -33123300231?
-33123300202
In base 7, what is -644 + -1163662?
-1164636
In base 5, what is -3 - 30323203?
-30323211
In base 2, what is -110110101011111001010 + -110?
-110110101011111010000
In base 3, what is 12 - 2201222002100?
-2201222002011
In base 11, what is 11 + 6a6298?
6a62a9
In base 16, what is 71ad0942 + 3?
71ad0945
In base 3, what is 2212200022 - -101212?
2220002011
In base 16, what is -5015 - -13?
-5002
In base 12, what is 1333 - 96635?
-95302
In base 16, what is -bd15 + 27?
-bcee
In base 12, what is 16 + -542750?
-542736
In base 5, what is 1232030431 + 2?
1232030433
In base 13, what is 8a + 830b0?
8316a
In base 11, what is -4 - -1106071?
1106068
In base 9, what is -253551 + -12821?
-266472
In base 14, what is -4d59417 - -18?
-4d593dd
In base 5, what is -13403021 - -102?
-13402414
In base 7, what is 31100341 - -464?
31101135
In base 14, what is -bd13823 - -5?
-bd1381c
In base 8, what is -364076 - -11261?
-352615
In base 16, what is f - -21fff9?
220008
In base 12, what is 2733302 + 3?
2733305
In base 12, what is 38449 - 8?
38441
In base 9, what is 5355 + -53725?
-47360
In base 3, what is -1002 + -21001122111102?
-21001122112111
In base 5, what is